{"id":8019,"date":"2025-04-03T15:06:50","date_gmt":"2025-04-03T13:06:50","guid":{"rendered":"https:\/\/www.vds-getriebe.at\/vdshtml\/?page_id=8019"},"modified":"2025-05-20T16:16:11","modified_gmt":"2025-05-20T14:16:11","slug":"leistungsverzweigungsgetriebe-und-shredder","status":"publish","type":"page","link":"https:\/\/www.vds-getriebe.at\/vdshtml\/leistungsverzweigungsgetriebe-und-shredder\/","title":{"rendered":"Leistungsverzweigungsgetriebe und Shredder"},"content":{"rendered":"<p>[et_pb_section fb_built=&#8220;1&#8243; admin_label=&#8220;Listings&#8220; _builder_version=&#8220;4.27.4&#8243; _module_preset=&#8220;default&#8220; background_enable_image=&#8220;off&#8220; background_size=&#8220;custom&#8220; background_image_width=&#8220;12%&#8220; background_image_height=&#8220;0%&#8220; background_position=&#8220;center_left&#8220; background_horizontal_offset=&#8220;2%&#8220; custom_padding=&#8220;0px|0px|0px|0px|true|false&#8220; global_colors_info=&#8220;{}&#8220;][et_pb_row _builder_version=&#8220;4.16&#8243; _module_preset=&#8220;default&#8220; module_alignment=&#8220;center&#8220; use_custom_width=&#8220;on&#8220; locked=&#8220;off&#8220; global_colors_info=&#8220;{}&#8220;][et_pb_column type=&#8220;4_4&#8243; _builder_version=&#8220;4.16&#8243; _module_preset=&#8220;default&#8220; custom_padding=&#8220;|||&#8220; global_colors_info=&#8220;{}&#8220; custom_padding__hover=&#8220;|||&#8220;][et_pb_text _builder_version=&#8220;4.27.4&#8243; _module_preset=&#8220;default&#8220; text_font=&#8220;Lato||||||||&#8220; text_font_size=&#8220;20px&#8220; text_line_height=&#8220;1.8em&#8220; header_font=&#8220;||||||||&#8220; header_2_font=&#8220;Teko||||||||&#8220; header_2_font_size=&#8220;80px&#8220; text_orientation=&#8220;center&#8220; max_width=&#8220;700px&#8220; module_alignment=&#8220;center&#8220; custom_margin=&#8220;||0px|&#8220; header_2_font_size_tablet=&#8220;66px&#8220; header_2_font_size_phone=&#8220;36px&#8220; header_2_font_size_last_edited=&#8220;on|phone&#8220; global_colors_info=&#8220;{}&#8220;]<\/p>\n<h2>Leistungsverzweigungs-getriebe PTO<\/h2>\n<p>[\/et_pb_text][\/et_pb_column][\/et_pb_row][et_pb_row column_structure=&#8220;1_3,1_3,1_3&#8243; admin_label=&#8220;Main Specs&#8220; _builder_version=&#8220;4.16&#8243; _module_preset=&#8220;default&#8220; global_colors_info=&#8220;{}&#8220;][et_pb_column type=&#8220;1_3&#8243; _builder_version=&#8220;4.16&#8243; _module_preset=&#8220;default&#8220; custom_padding=&#8220;|||&#8220; global_colors_info=&#8220;{}&#8220; custom_padding__hover=&#8220;|||&#8220;][\/et_pb_column][et_pb_column type=&#8220;1_3&#8243; _builder_version=&#8220;4.16&#8243; _module_preset=&#8220;default&#8220; custom_padding=&#8220;|||&#8220; global_colors_info=&#8220;{}&#8220; custom_padding__hover=&#8220;|||&#8220;][et_pb_blurb title=&#8220;VMG 1700&#8243; _builder_version=&#8220;4.27.4&#8243; _module_preset=&#8220;default&#8220; header_level=&#8220;h3&#8243; header_font=&#8220;Teko|500|||||||&#8220; header_font_size=&#8220;24px&#8220; body_font=&#8220;Lato||||||||&#8220; body_line_height=&#8220;1.8em&#8220; text_orientation=&#8220;center&#8220; global_colors_info=&#8220;{}&#8220;]<\/p>\n<p>1700 Nm<\/p>\n<p>[\/et_pb_blurb][\/et_pb_column][et_pb_column type=&#8220;1_3&#8243; _builder_version=&#8220;4.16&#8243; _module_preset=&#8220;default&#8220; custom_padding=&#8220;|||&#8220; global_colors_info=&#8220;{}&#8220; custom_padding__hover=&#8220;|||&#8220;][\/et_pb_column][\/et_pb_row][et_pb_row column_structure=&#8220;1_2,1_2&#8243; _builder_version=&#8220;4.16&#8243; _module_preset=&#8220;default&#8220; custom_margin=&#8220;|||&#8220; global_colors_info=&#8220;{}&#8220;][et_pb_column type=&#8220;1_2&#8243; _builder_version=&#8220;4.16&#8243; _module_preset=&#8220;default&#8220; custom_padding=&#8220;|||&#8220; global_colors_info=&#8220;{}&#8220; custom_padding__hover=&#8220;|||&#8220;][et_pb_image src=&#8220;https:\/\/www.vds-getriebe.at\/vdshtml\/wp-content\/uploads\/2025\/04\/VTP1500.jpg&#8220; title_text=&#8220;VTP1500&#8243; show_in_lightbox=&#8220;on&#8220; align_tablet=&#8220;center&#8220; align_phone=&#8220;center&#8220; align_last_edited=&#8220;on|desktop&#8220; _builder_version=&#8220;4.27.4&#8243; _module_preset=&#8220;default&#8220; width=&#8220;72%&#8220; module_alignment=&#8220;center&#8220; min_height=&#8220;317px&#8220; animation_style=&#8220;zoom&#8220; animation_intensity_zoom=&#8220;10%&#8220; global_colors_info=&#8220;{}&#8220;][\/et_pb_image][\/et_pb_column][et_pb_column type=&#8220;1_2&#8243; _builder_version=&#8220;4.16&#8243; _module_preset=&#8220;default&#8220; custom_padding=&#8220;|||&#8220; global_colors_info=&#8220;{}&#8220; custom_padding__hover=&#8220;|||&#8220;][et_pb_image src=&#8220;https:\/\/www.vds-getriebe.at\/vdshtml\/wp-content\/uploads\/2025\/04\/VMG_1700_VDSGetriebe_Leistungsverzweigungsgetriebe.png&#8220; title_text=&#8220;VMG_1700_VDSGetriebe_Leistungsverzweigungsgetriebe&#8220; show_in_lightbox=&#8220;on&#8220; align_tablet=&#8220;center&#8220; align_phone=&#8220;center&#8220; align_last_edited=&#8220;on|desktop&#8220; _builder_version=&#8220;4.27.4&#8243; _module_preset=&#8220;default&#8220; width=&#8220;91%&#8220; module_alignment=&#8220;center&#8220; min_height=&#8220;317px&#8220; animation_style=&#8220;zoom&#8220; animation_intensity_zoom=&#8220;10%&#8220; global_colors_info=&#8220;{}&#8220;][\/et_pb_image][\/et_pb_column][\/et_pb_row][et_pb_row _builder_version=&#8220;4.27.4&#8243; _module_preset=&#8220;default&#8220; custom_margin=&#8220;124px||0px||false|false&#8220; custom_margin_tablet=&#8220;124px||0px||false|false&#8220; custom_margin_phone=&#8220;124px||0px||false|false&#8220; custom_margin_last_edited=&#8220;on|phone&#8220; custom_padding=&#8220;0px||0px||false|false&#8220; global_colors_info=&#8220;{}&#8220;][et_pb_column type=&#8220;4_4&#8243; _builder_version=&#8220;4.23&#8243; _module_preset=&#8220;default&#8220; global_colors_info=&#8220;{}&#8220;][et_pb_text _builder_version=&#8220;4.27.4&#8243; _module_preset=&#8220;default&#8220; background_color=&#8220;rgba(112,111,111,0.55)&#8220; custom_margin=&#8220;-91px||||false|false&#8220; link_option_url=&#8220;https:\/\/www.vds-getriebe.at\/vdshtml\/wp-content\/uploads\/2025\/04\/VMG_1700_Infoblatt_VDS_Getriebe_032025.pdf&#8220; global_colors_info=&#8220;{}&#8220;]<\/p>\n<p style=\"text-align: center;\">DATENBLATT LADEN<\/p>\n<p>[\/et_pb_text][\/et_pb_column][\/et_pb_row][et_pb_row admin_label=&#8220;Detailed Specs&#8220; _builder_version=&#8220;4.16&#8243; _module_preset=&#8220;default&#8220; locked=&#8220;off&#8220; global_colors_info=&#8220;{}&#8220;][et_pb_column type=&#8220;4_4&#8243; _builder_version=&#8220;4.16&#8243; _module_preset=&#8220;default&#8220; custom_padding=&#8220;|||&#8220; global_colors_info=&#8220;{}&#8220; custom_padding__hover=&#8220;|||&#8220;][et_pb_text admin_label=&#8220;Title&#8220; _builder_version=&#8220;4.27.4&#8243; _module_preset=&#8220;default&#8220; header_font=&#8220;||||||||&#8220; header_3_font=&#8220;Teko||||||||&#8220; header_3_font_size=&#8220;40px&#8220; header_3_line_height=&#8220;1.2em&#8220; custom_margin=&#8220;||15px|&#8220; header_3_font_size_tablet=&#8220;30px&#8220; header_3_font_size_phone=&#8220;23px&#8220; header_3_font_size_last_edited=&#8220;on|phone&#8220; global_colors_info=&#8220;{}&#8220;]<\/p>\n<h3>Details &#8211; Transmission configuration<\/h3>\n<p>[\/et_pb_text][et_pb_tabs _builder_version=&#8220;4.27.4&#8243; _module_preset=&#8220;default&#8220; tab_font=&#8220;Teko|||on|||||&#8220; tab_letter_spacing=&#8220;1px&#8220; tab_line_height=&#8220;3em&#8220; background_color=&#8220;#f7f7f7&#8243; border_width_all=&#8220;0px&#8220; locked=&#8220;off&#8220; global_colors_info=&#8220;{}&#8220;][et_pb_tab title=&#8220;VMG 1700&#8243; _builder_version=&#8220;4.27.4&#8243; _module_preset=&#8220;default&#8220; body_font=&#8220;||||||||&#8220; body_line_height=&#8220;1.8em&#8220; tab_font=&#8220;||||||||&#8220; global_colors_info=&#8220;{}&#8220;]<\/p>\n<table width=\"645\" height=\"398\">\n<tbody>\n<tr>\n<td style=\"width: 330.367px;\">Nominal input power<\/td>\n<td style=\"width: 298.633px;\">150 kW (200 hp)<\/td>\n<\/tr>\n<tr>\n<td style=\"width: 330.367px;\">Maximum input power<\/td>\n<td style=\"width: 298.633px;\">170 kW (230 hp)<\/td>\n<\/tr>\n<tr>\n<td style=\"width: 330.367px;\">Nominal input speed<\/td>\n<td style=\"width: 298.633px;\">1000 rpm<\/td>\n<\/tr>\n<tr>\n<td style=\"width: 330.367px;\">Maximum input speed<\/td>\n<td style=\"width: 298.633px;\">1050 rpm<\/td>\n<\/tr>\n<tr>\n<td style=\"width: 330.367px;\">Rated input torque<\/td>\n<td style=\"width: 298.633px;\">1430 Nm<\/td>\n<\/tr>\n<tr>\n<td style=\"width: 330.367px;\">Max input torque<\/td>\n<td style=\"width: 298.633px;\">1800 Nm<\/td>\n<\/tr>\n<tr>\n<td style=\"width: 330.367px;\">Max output torque<\/td>\n<td style=\"width: 298.633px;\">4700 Nm<\/td>\n<\/tr>\n<tr>\n<td style=\"width: 330.367px;\">Max output speed<\/td>\n<td style=\"width: 298.633px;\">1500 rpm<\/td>\n<\/tr>\n<tr>\n<td style=\"width: 330.367px;\">Transmission ratios<\/td>\n<td style=\"width: 298.633px;\">\u221e to 0,67<\/td>\n<\/tr>\n<tr>\n<td style=\"width: 330.367px;\">Hydropump\/-motor<\/td>\n<td style=\"width: 298.633px;\">Bosch Rexroth A4VG065 \/ A6VN085<\/td>\n<\/tr>\n<tr>\n<td style=\"width: 330.367px;\">Control Unit<\/td>\n<td style=\"width: 298.633px;\">Bosch RC30<\/td>\n<\/tr>\n<tr>\n<td style=\"width: 330.367px;\">Electronic interface<\/td>\n<td style=\"width: 298.633px;\">CAN-J1939<\/td>\n<\/tr>\n<tr>\n<td style=\"width: 330.367px;\">Dry Weight<\/td>\n<td style=\"width: 298.633px;\">307 kg<\/td>\n<\/tr>\n<\/tbody>\n<\/table>\n<p>[\/et_pb_tab][\/et_pb_tabs][\/et_pb_column][\/et_pb_row][et_pb_row _builder_version=&#8220;4.27.4&#8243; _module_preset=&#8220;default&#8220; global_colors_info=&#8220;{}&#8220;][et_pb_column type=&#8220;4_4&#8243; _builder_version=&#8220;4.27.4&#8243; _module_preset=&#8220;default&#8220; global_colors_info=&#8220;{}&#8220;][et_pb_text _builder_version=&#8220;4.27.4&#8243; _module_preset=&#8220;default&#8220; header_4_text_color=&#8220;#AF2237&#8243; global_colors_info=&#8220;{}&#8220;]<\/p>\n<h4><strong>Spezielle Vorteile:<\/strong><\/h4>\n<ul>\n<li>Verschlei\u00dffreies Variatorsystem<\/li>\n<li>Stufenlose Anpassung der Ausgangsdrehzahl von Stillstand bis zur maximalen Geschwindigkeit<\/li>\n<li>Sehr geringes Drehmoment an der Eingangswelle w\u00e4hrend der Beschleunigung \u2013 kein Verschlei\u00df an der Zapfwellenkupplung<\/li>\n<li>Automatische Anpassung des \u00dcbersetzungsverh\u00e4ltnisses bei \u00dcberlastung der Abtriebswelle<\/li>\n<li>Vollautomatische Umschaltung vom unendlichen auf das minimale \u00dcbersetzungsverh\u00e4ltnis<\/li>\n<li>H\u00f6chste Effizienz durch geringen Variator-Leistungsbedarf in den Hauptbetriebsbereichen<\/li>\n<li>&#8222;Overdrive-Funktion\u201c verf\u00fcgbar<\/li>\n<\/ul>\n<p>[\/et_pb_text][\/et_pb_column][\/et_pb_row][et_pb_row _builder_version=&#8220;4.27.4&#8243; _module_preset=&#8220;default&#8220; global_colors_info=&#8220;{}&#8220;][et_pb_column type=&#8220;4_4&#8243; _builder_version=&#8220;4.27.4&#8243; _module_preset=&#8220;default&#8220; global_colors_info=&#8220;{}&#8220;][et_pb_divider _builder_version=&#8220;4.27.4&#8243; _module_preset=&#8220;default&#8220; global_colors_info=&#8220;{}&#8220;][\/et_pb_divider][\/et_pb_column][\/et_pb_row][\/et_pb_section][et_pb_section fb_built=&#8220;1&#8243; admin_label=&#8220;Listings&#8220; _builder_version=&#8220;4.16&#8243; _module_preset=&#8220;default&#8220; custom_padding=&#8220;0px|0px|0px|0px|true|false&#8220; global_colors_info=&#8220;{}&#8220;][et_pb_row _builder_version=&#8220;4.16&#8243; _module_preset=&#8220;default&#8220; module_alignment=&#8220;center&#8220; use_custom_width=&#8220;on&#8220; locked=&#8220;off&#8220; global_colors_info=&#8220;{}&#8220;][et_pb_column type=&#8220;4_4&#8243; _builder_version=&#8220;4.16&#8243; _module_preset=&#8220;default&#8220; custom_padding=&#8220;|||&#8220; global_colors_info=&#8220;{}&#8220; custom_padding__hover=&#8220;|||&#8220;][et_pb_text _builder_version=&#8220;4.27.4&#8243; _module_preset=&#8220;default&#8220; text_font=&#8220;Lato||||||||&#8220; text_font_size=&#8220;20px&#8220; text_line_height=&#8220;1.8em&#8220; header_font=&#8220;||||||||&#8220; header_2_font=&#8220;Teko||||||||&#8220; header_2_font_size=&#8220;80px&#8220; text_orientation=&#8220;center&#8220; max_width=&#8220;700px&#8220; module_alignment=&#8220;center&#8220; custom_margin=&#8220;||0px|&#8220; header_2_font_size_tablet=&#8220;66px&#8220; header_2_font_size_phone=&#8220;36px&#8220; header_2_font_size_last_edited=&#8220;on|phone&#8220; global_colors_info=&#8220;{}&#8220;]<\/p>\n<h2>Shredder<\/h2>\n<p>[\/et_pb_text][\/et_pb_column][\/et_pb_row][et_pb_row column_structure=&#8220;1_3,1_3,1_3&#8243; admin_label=&#8220;Main Specs&#8220; _builder_version=&#8220;4.16&#8243; _module_preset=&#8220;default&#8220; global_colors_info=&#8220;{}&#8220;][et_pb_column type=&#8220;1_3&#8243; _builder_version=&#8220;4.16&#8243; _module_preset=&#8220;default&#8220; custom_padding=&#8220;|||&#8220; global_colors_info=&#8220;{}&#8220; custom_padding__hover=&#8220;|||&#8220;][\/et_pb_column][et_pb_column type=&#8220;1_3&#8243; _builder_version=&#8220;4.16&#8243; _module_preset=&#8220;default&#8220; custom_padding=&#8220;|||&#8220; global_colors_info=&#8220;{}&#8220; custom_padding__hover=&#8220;|||&#8220;][et_pb_blurb title=&#8220;VTP1500&#8243; _builder_version=&#8220;4.27.4&#8243; _module_preset=&#8220;default&#8220; header_level=&#8220;h3&#8243; header_font=&#8220;Teko|500|||||||&#8220; body_font=&#8220;Lato||||||||&#8220; body_line_height=&#8220;1.8em&#8220; text_orientation=&#8220;center&#8220; global_colors_info=&#8220;{}&#8220;]<\/p>\n<p>1500 Nm<\/p>\n<p>[\/et_pb_blurb][\/et_pb_column][et_pb_column type=&#8220;1_3&#8243; _builder_version=&#8220;4.16&#8243; _module_preset=&#8220;default&#8220; custom_padding=&#8220;|||&#8220; global_colors_info=&#8220;{}&#8220; custom_padding__hover=&#8220;|||&#8220;][\/et_pb_column][\/et_pb_row][et_pb_row column_structure=&#8220;1_3,1_3,1_3&#8243; _builder_version=&#8220;4.16&#8243; _module_preset=&#8220;default&#8220; custom_margin=&#8220;|||&#8220; global_colors_info=&#8220;{}&#8220;][et_pb_column type=&#8220;1_3&#8243; _builder_version=&#8220;4.16&#8243; _module_preset=&#8220;default&#8220; custom_padding=&#8220;|||&#8220; global_colors_info=&#8220;{}&#8220; custom_padding__hover=&#8220;|||&#8220;][\/et_pb_column][et_pb_column type=&#8220;1_3&#8243; _builder_version=&#8220;4.16&#8243; _module_preset=&#8220;default&#8220; custom_padding=&#8220;|||&#8220; global_colors_info=&#8220;{}&#8220; custom_padding__hover=&#8220;|||&#8220;][et_pb_image src=&#8220;https:\/\/www.vds-getriebe.at\/vdshtml\/wp-content\/uploads\/2025\/04\/VTP1500_Shredderantrieb_VDSGetriebe.png&#8220; title_text=&#8220;VTP1500_Shredderantrieb_VDSGetriebe&#8220; show_in_lightbox=&#8220;on&#8220; force_fullwidth=&#8220;on&#8220; align_tablet=&#8220;center&#8220; align_phone=&#8220;center&#8220; align_last_edited=&#8220;on|desktop&#8220; _builder_version=&#8220;4.27.4&#8243; _module_preset=&#8220;default&#8220; animation_style=&#8220;zoom&#8220; animation_intensity_zoom=&#8220;10%&#8220; global_colors_info=&#8220;{}&#8220;][\/et_pb_image][\/et_pb_column][et_pb_column type=&#8220;1_3&#8243; _builder_version=&#8220;4.16&#8243; _module_preset=&#8220;default&#8220; custom_padding=&#8220;|||&#8220; global_colors_info=&#8220;{}&#8220; custom_padding__hover=&#8220;|||&#8220;][\/et_pb_column][\/et_pb_row][et_pb_row admin_label=&#8220;Detailed Specs&#8220; _builder_version=&#8220;4.16&#8243; _module_preset=&#8220;default&#8220; locked=&#8220;off&#8220; global_colors_info=&#8220;{}&#8220;][et_pb_column type=&#8220;4_4&#8243; _builder_version=&#8220;4.16&#8243; _module_preset=&#8220;default&#8220; custom_padding=&#8220;|||&#8220; global_colors_info=&#8220;{}&#8220; custom_padding__hover=&#8220;|||&#8220;][et_pb_text admin_label=&#8220;Title&#8220; _builder_version=&#8220;4.27.0&#8243; _module_preset=&#8220;default&#8220; header_font=&#8220;||||||||&#8220; header_3_font=&#8220;Teko||||||||&#8220; header_3_font_size=&#8220;40px&#8220; header_3_line_height=&#8220;1.2em&#8220; custom_margin=&#8220;||15px|&#8220; header_3_font_size_tablet=&#8220;30px&#8220; header_3_font_size_phone=&#8220;23px&#8220; header_3_font_size_last_edited=&#8220;on|phone&#8220; global_colors_info=&#8220;{}&#8220;]<\/p>\n<h3>Details &#8211; Transmission version<\/h3>\n<p>[\/et_pb_text][et_pb_tabs _builder_version=&#8220;4.27.4&#8243; _module_preset=&#8220;default&#8220; tab_font=&#8220;Teko|||on|||||&#8220; tab_letter_spacing=&#8220;1px&#8220; tab_line_height=&#8220;3em&#8220; background_color=&#8220;#f7f7f7&#8243; hover_enabled=&#8220;0&#8243; border_width_all=&#8220;0px&#8220; locked=&#8220;off&#8220; global_colors_info=&#8220;{}&#8220; sticky_enabled=&#8220;0&#8243;][et_pb_tab title=&#8220;Shredder&#8220; _builder_version=&#8220;4.27.4&#8243; _module_preset=&#8220;default&#8220; body_font=&#8220;||||||||&#8220; body_line_height=&#8220;1.8em&#8220; tab_font=&#8220;||||||||&#8220; background_enable_image=&#8220;off&#8220; hover_enabled=&#8220;0&#8243; global_colors_info=&#8220;{}&#8220; sticky_enabled=&#8220;0&#8243;]<\/p>\n<p><strong>VTP1500 \u2013 Variables Antriebssystem f\u00fcr Shredder<\/strong><\/p>\n<p>Die bew\u00e4hrte Leistungsverzweigungs-Technologie in einer neuartigen Anwendung \u2013 VMG1500 f\u00fcr den Antrieb von Shredderwellen!<br \/>Damit steigern Sie die Effizienz Ihrer Maschinen um mehr als 20% gegen\u00fcber hydrostatischen Antrieben!<\/p>\n<p>Die Drehzahl der Shredderwelle wird stufenlos angepasst, bei bester Effizienz und verschlei\u00dffreier Beschleunigung. Das Anfahren und Reversieren der Shredderwellen erfolgt rein hydrostatisch. Die Umschaltung in den leistungsverzweigten Betrieb findet bei Synchrondrehzahl statt und erfolgt ohne Unterbrechung der Antriebsleistung.<br \/>Im Hauptbetriebspunkt werden die Shredderwellen rein mechanisch angetrieben und damit beste Wirkungsgrade erzielt!<\/p>\n<p>Eine Schnellstopp-Funktion ist durch einstellbare Rutschmomente an den Lamellenkupplungen integriert.<\/p>\n<p>[\/et_pb_tab][et_pb_tab title=&#8220;VTP1500 &#8211; H1F Shredder&#8220; _builder_version=&#8220;4.27.4&#8243; _module_preset=&#8220;default&#8220; body_font=&#8220;||||||||&#8220; body_line_height=&#8220;1.8em&#8220; tab_font=&#8220;||||||||&#8220; background_enable_image=&#8220;off&#8220; global_colors_info=&#8220;{}&#8220;]<\/p>\n<table width=\"786\">\n<tbody>\n<tr>\n<td width=\"356\">VTP1500<\/td>\n<td width=\"430\">H1F Shredder<\/td>\n<\/tr>\n<tr>\n<td>Rated input speed<\/td>\n<td>1800 to 2100 rpm<\/td>\n<\/tr>\n<tr>\n<td>Rated input torque<\/td>\n<td>1500 Nm (1110ft-lbs)<\/td>\n<\/tr>\n<tr>\n<td>Max output torque (output fo final planetary gears)<\/td>\n<td>8800 Nm (6500 ft-lbs)<\/td>\n<\/tr>\n<tr>\n<td>Rated input power<\/td>\n<td>260 kW (350 hp)<\/td>\n<\/tr>\n<tr>\n<td>Transmission ratios (output to final planetary gears)*)<\/td>\n<td>\u00a0&#8211; 5,73 to to 1,99 fwd<\/td>\n<\/tr>\n<tr>\n<td>Hydropump \/ Hydromotor<\/td>\n<td>e.g. Bosch Rexroth A4VG110 \/ A6VM115 or Compact unit 110\/90<\/td>\n<\/tr>\n<tr>\n<td>PTO<\/td>\n<td>i = 0,69<\/td>\n<\/tr>\n<\/tbody>\n<\/table>\n<p>[\/et_pb_tab][\/et_pb_tabs][\/et_pb_column][\/et_pb_row][et_pb_row _builder_version=&#8220;4.27.0&#8243; _module_preset=&#8220;default&#8220; module_alignment=&#8220;center&#8220; custom_padding=&#8220;|||0px|false|false&#8220; global_colors_info=&#8220;{}&#8220;][et_pb_column type=&#8220;4_4&#8243; _builder_version=&#8220;4.27.0&#8243; _module_preset=&#8220;default&#8220; global_colors_info=&#8220;{}&#8220;][et_pb_image src=&#8220;https:\/\/www.vds-getriebe.at\/vdshtml\/wp-content\/uploads\/2025\/04\/VTP1500_DrivelineScheme.jpg&#8220; title_text=&#8220;VTP1500_DrivelineScheme&#8220; align=&#8220;center&#8220; _builder_version=&#8220;4.27.0&#8243; _module_preset=&#8220;default&#8220; module_alignment=&#8220;center&#8220; custom_margin=&#8220;|||0px|false|false&#8220; custom_padding=&#8220;|||0px|false|false&#8220; global_colors_info=&#8220;{}&#8220;][\/et_pb_image][\/et_pb_column][\/et_pb_row][et_pb_row _builder_version=&#8220;4.27.2&#8243; _module_preset=&#8220;default&#8220; global_colors_info=&#8220;{}&#8220;][et_pb_column type=&#8220;4_4&#8243; _builder_version=&#8220;4.27.2&#8243; _module_preset=&#8220;default&#8220; global_colors_info=&#8220;{}&#8220;][et_pb_image src=&#8220;https:\/\/www.vds-getriebe.at\/vdshtml\/wp-content\/uploads\/2025\/04\/VDS_Getriebe_VTP1500_Shredderantrieb.png&#8220; title_text=&#8220;VDS_Getriebe_VTP1500_Shredderantrieb&#8220; align=&#8220;center&#8220; _builder_version=&#8220;4.27.2&#8243; _module_preset=&#8220;default&#8220; global_colors_info=&#8220;{}&#8220;][\/et_pb_image][\/et_pb_column][\/et_pb_row][\/et_pb_section]<\/p>\n","protected":false},"excerpt":{"rendered":"<p>Leistungsverzweigungs-getriebe PTO1700 NmDATENBLATT LADENDetails &#8211; Transmission configuration Nominal input power 150 kW (200 hp) Maximum input power 170 kW (230 hp) Nominal input speed 1000 rpm Maximum input speed 1050 rpm Rated input torque 1430 Nm Max input torque 1800 Nm Max output torque 4700 Nm Max output speed 1500 rpm Transmission ratios \u221e to 0,67 Hydropump\/-motor Bosch Rexroth A4VG065 \/ A6VN085 Control Unit Bosch RC30 Electronic interface CAN-J1939 Dry Weight 307 kg Spezielle Vorteile: Verschlei\u00dffreies Variatorsystem Stufenlose Anpassung der Ausgangsdrehzahl von Stillstand bis zur maximalen Geschwindigkeit Sehr geringes Drehmoment an der Eingangswelle w\u00e4hrend der Beschleunigung \u2013 kein Verschlei\u00df an der Zapfwellenkupplung Automatische Anpassung des \u00dcbersetzungsverh\u00e4ltnisses bei \u00dcberlastung der Abtriebswelle Vollautomatische Umschaltung vom unendlichen auf das minimale \u00dcbersetzungsverh\u00e4ltnis H\u00f6chste Effizienz durch geringen Variator-Leistungsbedarf in den Hauptbetriebsbereichen &#8222;Overdrive-Funktion\u201c verf\u00fcgbar Shredder1500 NmDetails &#8211; Transmission versionVTP1500 \u2013 Variables Antriebssystem f\u00fcr Shredder Die bew\u00e4hrte Leistungsverzweigungs-Technologie in einer neuartigen Anwendung \u2013 VMG1500 f\u00fcr den Antrieb von Shredderwellen!Damit steigern Sie die Effizienz Ihrer Maschinen um mehr als 20% gegen\u00fcber hydrostatischen Antrieben! Die Drehzahl der Shredderwelle wird stufenlos angepasst, bei bester Effizienz und verschlei\u00dffreier Beschleunigung. Das Anfahren und Reversieren der Shredderwellen erfolgt rein hydrostatisch. Die Umschaltung in den leistungsverzweigten Betrieb findet bei Synchrondrehzahl statt und erfolgt ohne [&hellip;]<\/p>\n","protected":false},"author":2,"featured_media":0,"parent":0,"menu_order":0,"comment_status":"closed","ping_status":"closed","template":"","meta":{"_et_pb_use_builder":"on","_et_pb_old_content":"","_et_gb_content_width":"","footnotes":""},"class_list":["post-8019","page","type-page","status-publish","hentry"],"_links":{"self":[{"href":"https:\/\/www.vds-getriebe.at\/vdshtml\/wp-json\/wp\/v2\/pages\/8019","targetHints":{"allow":["GET"]}}],"collection":[{"href":"https:\/\/www.vds-getriebe.at\/vdshtml\/wp-json\/wp\/v2\/pages"}],"about":[{"href":"https:\/\/www.vds-getriebe.at\/vdshtml\/wp-json\/wp\/v2\/types\/page"}],"author":[{"embeddable":true,"href":"https:\/\/www.vds-getriebe.at\/vdshtml\/wp-json\/wp\/v2\/users\/2"}],"replies":[{"embeddable":true,"href":"https:\/\/www.vds-getriebe.at\/vdshtml\/wp-json\/wp\/v2\/comments?post=8019"}],"version-history":[{"count":8,"href":"https:\/\/www.vds-getriebe.at\/vdshtml\/wp-json\/wp\/v2\/pages\/8019\/revisions"}],"predecessor-version":[{"id":8255,"href":"https:\/\/www.vds-getriebe.at\/vdshtml\/wp-json\/wp\/v2\/pages\/8019\/revisions\/8255"}],"wp:attachment":[{"href":"https:\/\/www.vds-getriebe.at\/vdshtml\/wp-json\/wp\/v2\/media?parent=8019"}],"curies":[{"name":"wp","href":"https:\/\/api.w.org\/{rel}","templated":true}]}}